 a composite number?
True
Is (-38837090)/(-2198) - (-1 - 9/(-7)) a prime number?
True
Let g(c) = 183*c**2 + 10*c - 10. Let x = -231 - -224. Is g(x) a prime number?
True
Suppose 12*f = -0*f + 48. Suppose 2*w + 5*l - 23115 = -3*w, l = -f. Is w a prime number?
False
Let h be (-5)/((-40)/(-12))*(-150)/9. Suppose -5 = 5*z - h, -4*j = -2*z - 524. Let c = j - -118. Is c a composite number?
False
Is (833/(-85))/(-49) + (-3363064)/(-5) a composite number?
True
Let t = 123 - 116. Suppose 2747 = t*q - 529. Let z = 787 - q. Is z a prime number?
False
Let k(v) = 6*v**3 - 15*v**2 + 9*v - 25. Suppose -10*q = -9*q + 2. Let u be (q/6 - (-2)/(-3))*-6. Is k(u) a prime number?
False
Let v(x) = 8375*x**2 + 543*x - 2149. Is v(4) prime?
False
Is -6 + 987441/210*1*2*5 composite?
True
Let k(i) = 2882*i + 11. Let z be k(6). Suppose 10*h + z = 41433. Is h composite?
True
Suppose 4*z = -i + 6*z + 1164, -4*z = 4*i - 4704. Suppose -4*q + i = -22*n + 21*n, -2*n + 879 = 3*q. Is q a prime number?
True
Let v(y) = -4 + 183*y - 2 - 5 - 43*y. Let h be v(-5). Is 2/((-6)/h*3) a prime number?
True
Let g = 14 - 19. Let p(u) = 76*u**2 + 5*u + 3. Let h be p(g). Let i = -817 + h. Is i a composite number?
False
Suppose -3*y - 4*g = -13123, 3*y + 2*g = 4*g + 13135. Suppose y = 4*t + 3*n, -n + 4*n + 3 = 0. Let s = -400 + t. Is s prime?
False
Suppose -3*u + 6*u = 21. Suppose 6 = -u*j + 10*j. Suppose -j*b = -1768 + 410. Is b composite?
True
Suppose -t - 255607 = -5*i, -10*i + 13*i + 2*t = 153372. Is i prime?
False
Let k = -5 + 7. Let u(o) = o**2 + 120*o + 1548. Let j be u(-111). Suppose -k*c + 629 = -j. Is c composite?
True
Suppose -28*k - 3806 = -54. Suppose 2*q + 239 = -n, -q + 709 = -3*n - 5*q. Let o = k - n. Is o a composite number?
False
Let j be (-6)/2 - -3 - 9. Let r be (j - 0)*(33/9 + -4). Is (20/12)/(r/117) prime?
False
Is 1/((5/3)/5) - (-23392 + -22) a composite number?
False
Suppose -3*n + 18 + 1 = -u, 5*u + 35 = -5*n. Is 7 + u + 1 + 5 - -2392 a prime number?
False
Let w be ((-24)/2)/2*(-29)/58. Suppose 5*k - 1474 = -w*v, 2*k + 3*v = 4*v + 583. Is k composite?
False
Let a be 1 - 0/(-1) - (-2 + 1). Let b be a/(-9) + (-130)/(-18). Let j(h) = 342*h - 23. Is j(b) a composite number?
False
Let o = 688192 + 40801. Is o prime?
True
Suppose -27*x + 23*x = 3*j - 481, -4*x + 457 = -5*j. Suppose -8*o = -3*o - 10. Suppose 0 = -o*f + 620 - x. Is f composite?
False
Let r(s) = 9*s + 7*s**2 - 2*s + 11 - 24*s + 0. Is r(-14) prime?
True
Let g(z) = 144*z**2 - 971*z + 31. Is g(26) composite?
True
Suppose -35*m - 4049912 + 18436638 = 23*m. Is m a prime number?
False
Let p(j) = -3*j - 26. Let v be p(-10). Suppose v*b - 942 + 226 = 0. Is b prime?
True
Suppose 19*k = 84*k - 2292095. Is k prime?
False
Suppose 5*w - 48640 = -3*w. Suppose 0 = 4*n - q - w - 4152, -2*n - 2*q = -5126. Is n a prime number?
False
Let i(r) = 5*r + 18. Let a be i(-4). Is ((-9 - -8)*3163)/(a + 1) a prime number?
True
Let t = -457 - -457. Suppose t = f + 4*b - 149 - 50, -3*f + 606 = 3*b. Is f prime?
False
Let c be (9/(-6)*-2)/1. Let j(r) = 2 - c + 16*r + 10 - 2. Is j(11) a prime number?
False
Suppose -15*y + 18*y = 21. Let a(t) = -4*t**2 + 0*t**2 - 16*t**3 + t**2 + 10*t + 11 - y*t**2. Is a(-8) prime?
False
Let v be 6 + (1 - 3 - -2). Let g(a) be the first derivative of 5*a**4/4 - 2*a**3 + 3*a**2 + 14*a + 2965. Is g(v) prime?
False
Let h(p) = -39896*p**3 - 8*p**2 - 22*p - 9. Is h(-2) a composite number?
True
Let w(t) = 17554*t**2 - 21*t + 155. Is w(6) prime?
False
Let m(u) = 25942*u**3 + u**2 + 19*u - 37. Is m(2) a composite number?
False
Suppose 0 = -m - 0 + 1. Suppose -25*p + 22*p + 8 = -c, -16 = -c - 5*p. Is c/(m - ((-187)/(-47) + -3)) a composite number?
False
Let b(n) = -8*n**3 + 11*n**2 - 161*n - 1441. Is b(-9) a prime number?
False
Let v(u) = -u**2 + 13*u - 11. Let c be v(12). Let f be 1/((-1)/8*c). Let t(l) = l**3 + 16*l**2 + 4*l - 1. Is t(f) prime?
True
Let d(s) be the third derivative of 53*s**4/2 + 61*s**3/6 - 63*s**2. Is d(6) a composite number?
False
Suppose -4*q = -d, d = q - 2*d. Suppose 2 = -3*y - 4, l - 2*y - 360 = q. Suppose l + 389 = 5*f. Is f composite?
False
Let r(n) = 1225*n**2 + 7*n - 197. Is r(8) a prime number?
True
Is (483902/(-4) - (-1 + 2))*140/(-210) a composite number?
False
Let d be (1/1 - (2 + -4)) + 105. Suppose -2*v + 52 - 162 = -2*w, 2*w - d = 3*v. Suppose 8*r - 5*r = w. Is r composite?
False
Let g be -16 + 4 + -1 + -2. Let p(l) = l + 17. Let v be p(g). Suppose v*f - 4*w = -3*f + 5585, 4*f - 5*w = 4468. Is f a prime number?
True
Let r(h) = -8*h - 86. Let q be r(-12). Suppose -d - 6 + 0 = 0. Is d/30 + 3672/q prime?
True
Let i(a) be the first derivative of 376*a**3 - 2*a**2 + 3*a + 16. Is i(2) composite?
False
Suppose 0 = -2*l + 10, -l + 2*l = -4*f - 27. Let h be (-2)/4*1*(f - -8). Suppose -2*s + h*s + 1568 = 3*x, -2*s + 2*x = -1578. Is s a composite number?
False
Is (-514180)/(-40)*(-8)/(-7 + 3) prime?
False
Let a(z) = -z. Let o(s) = -328*s - 40. Let q(h) = 176*a(h) - 2*o(h). Let n be q(29). Suppose 0 = -3*v + 2*b + 10507, 0*b = -4*v + 5*b + n. Is v a prime number?
False
Suppose 5446 + 8519 = 7*r. Suppose 2*y + r = b, 2*b = y - 244 + 4222. Is b prime?
True
Suppose 1063*k - 173794 = 1061*k. Is k a prime number?
False
Suppose 280*p - 25411178 = 236378462. Is p a prime number?
False
Suppose 5*a - 1359 = 2641. Let o = a - 283. Is o composite?
True
Is (2 - 5)*1179525/(-45) prime?
False
Let j(c) = 48*c**2 + 5*c + 5. Let l be j(6). Let b be -3 + l + 3/(-6)*-2. Suppose 0 = 4*k - 931 - b. Is k a prime number?
True
Is 12/42 + 3474372/28 + 2 composite?
False
Let q = 457 + -455. Let p(a) = 82*a**2 - 2*a - 1. Let k be p(-1). Suppose 2*z - 95 = -c, -q*c - 3*z = -102 - k. Is c a composite number?
True
Let n(c) = 11576*c + 511. Is n(16) a prime number?
False
Suppose 1640*s - 23330 = 1631*s + 25765. Is s a composite number?
True
Suppose 3*j + 3*q = 513453, -47*j - 513471 = -50*j + 3*q. Is j a prime number?
False
Suppose -11*a + 14 = 25. Is (113688/(-42) - (-5)/(-35))/a prime?
True
Suppose -2*k + 84 = -5*k. Let u = k + 28. Suppose -3*t + 2733 + 1068 = u. Is t prime?
False
Suppose -3*p = -10 + 4. Suppose 0 = p*d - 334 - 374. Suppose -d - 533 = -b. Is b prime?
True
Is (-10)/20*(-676481 + 19) a prime number?
True
Let h be (-44)/10 + 6/15. Let g be 8/20 + 153/(-45). Is (-6656)/g - h/12 prime?
False
Suppose -5*t + 2251 = -33664. Is t a prime number?
False
Let y be (-1 - (-28302)/15)/(1/35). Suppose 20*b - y = 9737. Is b prime?
False
Let w(p) = 19*p**2 + 40*p - 14. Suppose 3*g = -5*x - g + 63, -3*g = -x + 24. Is w(x) composite?
False
Let x be -2 - ((-76)/(-20) + -3)*-85. Suppose 48*c - x = 51*c. Let r = -7 - c. Is r a prime number?
False
Let l = 405 - 439. Is (-72152)/l + 54/(-459) prime?
False
Suppose 0 = -5*n + a + 406140, 1 = -2*a + 11. Is n a composite number?
True
Let o(s) = s**3 - 5*s**2 + s + 3. Let v be o(5). Suppose 0 = 3*z + v - 23. Suppose z*g + 5*d - 980 = 0, 5*d - 85 - 507 = -3*g. Is g a prime number?
False
Suppose 4*i + 3*j = 19451, 5*i = -4*j + 20054 + 4260. Let d = 9697 - i. Is d a prime number?
False
Let d be 3/(-5) + 4784/40. Let k be d + -2 + (3 - 2). Suppose 0 = -u + 4*p + 119, -p = -u + 4*p + k. Is u a composite number?
True
Let n(o) = -o**3 - o**2 - 1. Let d(q) = 324*q**3 + 6*q**2 + 4*q + 3. Let z(u) = d(u) + 6*n(u). Let h be (-16)/72 - (-22)/18. Is z(h) composite?
True
Let i = -11628 + 17362. Suppose i = 14*f - 972. Is f a prime number?
True
Let x = -19055 - -28913. Suppose -9*s + 34923 - x = 0. Is s prime?
False
Suppose 0 = -40*q - 21305 + 25423 + 65522. Is q composite?
False
Let l(k) be the first derivative of 7*k - 194 + 196 - 5*k**2 - 58*k**2. Is l(-2) composite?
True
Suppose -1830 - 16092 = -3*p + 3*q, 3*p + 5*q = 17930. Suppose 3*a + 4*k = -a + 36344, 0 = -4*a + 3*k + 36365. Suppose -8*r = -p - a. Is r a prime number?
False
Let l(y) = -y**2 + 9*y - 13. Let a be l(7). Let m be a*5 - (-17 - -28). Is ((-2796)/(-72))/((-1)/m) a composite number?
False
Suppose d = x + x - 8, 4*x - 16 = 4*d. Suppose 3 = -3*s - 3*o, d = 4*s - 4*o + 2*o - 8. Let m(v) = 1540*v**2 - v + 4. Is m(s) a prime number?
True
Let p = -2 + 5. Let w(c) = 20*c**2 - 11*c + 47. Let k(q) = 7*q**2 - 4*q + 16. Let j(f) = -8*k(f) + 3*w(f). Is j(p) prime?
False
Let w = 45 - 47. Let i be -3*((-28)/12 - -3)*w. Is (103/(-2))/(i/(-8)) prim